ts digit of c?
9
Suppose 5*g = -5*r + 20, 3*g + 27 = 3*r + 9. Suppose s + r = -1. What is the units digit of 1*2/(s/(-33))?
1
Suppose 3096*u - 210 = 3089*u. What is the units digit of u?
0
What is the units digit of (-9)/(-54) + (-76342)/(-12)?
2
What is the hundreds digit of -5 + (-2 + 1455 - (0 + 2))?
4
Let w(f) = -3*f + 27. Let h be w(8). What is the units digit of h - 2 - 1 - -71?
1
Let n(v) = 3 - 10 + 1 - 2*v + 3. Let b be n(-4). What is the tens digit of (b/3)/(13/507)?
6
Let p(o) = 34*o - 3. Let d be p(2). Let z = d + -29. What is the units digit of z?
6
What is the tens digit of (3 - (-64)/(-2))*-1?
2
Let c be ((-546)/(-4) - 3) + (-2)/(-4). Suppose 0 = -3*j + 5*v + c, -j - v + 48 = 14. What is the units digit of j?
8
Let d be ((-51)/17)/(6/44). What is the tens digit of (-1 - d/18) + 1742/18?
9
Suppose -935 = -15*r + 10*r. What is the units digit of r?
7
Suppose -62 = 3*n + 4*q + 60, -2*n = q + 83. Let b = 88 + n. What is the units digit of b?
6
Let t(v) = -200*v + 39. What is the hundreds digit of t(-4)?
8
Suppose 2*p - 424 = 340. What is the hundreds digit of p?
3
Let m be 2*(2 - -4)/3. Suppose -m*i + 68 = 5*n, -i + 16 = i - 2*n. What is the tens digit of i?
1
Let m be (-22)/(-1) - (-18 - -21). Suppose -12*g + m*g - 469 = 0. What is the units digit of g?
7
Suppose -7*w + 2770 + 17908 = 0. What is the thousands digit of w?
2
Suppose -t + 9 = -c - c, -5*t + 15 = -4*c. What is the units digit of ((-66)/c)/((-7)/(-35))?
6
What is the tens digit of 11 + 1412 - (-60)/6?
3
Suppose -36 = -0*x - 6*x. Let v be (-1)/3 - (-20)/x. Suppose 0*q + 15 = v*q. What is the units digit of q?
5
Let i = -2168 - -3181. What is the thousands digit of i?
1
Suppose -61 = -x - 2*g + 30, 5*g = 0. Suppose 0 = -88*z + x*z - 1044. What is the units digit of z?
8
Let h = -6621 - -12798. What is the tens digit of h?
7
Suppose -4*t - 3*p + 3284 = 0, -4*t - p + 3284 = -0*p. What is the hundreds digit of t?
8
Let j(t) = t**2 - 7*t + 8. Let k be j(4). What is the units digit of (-117 - -1)/k + -2?
7
Suppose 0 = 2*s + 1 - 5. Suppose -12 = -4*m + s*f, -3*f = 2*m + 5 - 3. Suppose -3*h = m*c - 50, 0*c = 4*h - c - 74. What is the tens digit of h?
1
Let n(r) = 10*r**2 - r - 23. What is the units digit of n(-5)?
2
Let x(c) = 61*c**2 - 21*c - 7. What is the hundreds digit of x(3)?
4
Suppose 0 = -r - 7*r + 56. Suppose -r*z + 0*z + 770 = 0. What is the hundreds digit of z?
1
Suppose -1487 = -53*t + 48*t + 4*w, 3*t + 2*w - 879 = 0. What is the tens digit of t?
9
Suppose 6*v = -11*v + 34. Suppose -70 = -v*h - 3*t, -7 = -h + 5*t + 28. What is the units digit of h?
5
Suppose 0 = -2*z - 5*s + 1228, z - 836 + 211 = 3*s. What is the tens digit of z?
1
Let x = -139 - -316. Suppose x - 1 = 4*z. What is the units digit of z?
4
Let b(s) be the first derivative of 3*s**3/2 - 3*s**2/2 + 9*s + 6. Let k(n) be the first derivative of b(n). What is the units digit of k(1)?
6
Suppose -4*s - s + 2*l = -54, 0 = -3*s - 3*l + 45. Let z = 14 - s. What is the units digit of (-3)/z*(-60)/18?
5
Suppose 0 = -4*b - 3*v - 6 + 33, -5*b + 30 = 3*v. Suppose -h + 104 = 4*k, b*h - 88 = -4*k - 2*h. Suppose s - 4 = k. What is the units digit of s?
1
Suppose 28*u = -4*u + 11456. What is the tens digit of u?
5
Let j(k) = -k**3 + 9*k**2 - 3*k + 30. Let u be j(9). Let d be 5*(-1 + 54/10). Suppose -u*c = -c - d. What is the tens digit of c?
1
Suppose 0 = -4*u - 0*u - 5*i - 57, 2*u - 2*i = -42. Let m = u - -13. Let o = 7 - m. What is the units digit of o?
2
Let u(r) be the second derivative of r**3/6 + 3*r**2/2 + 3*r - 8. Let n be -1*(0 - 6/2). What is the units digit of u(n)?
6
What is the units digit of 2665/12 + (-40)/480?
2
Let q(a) = a**3 - 20*a**2 + 4*a - 42. Let j be q(20). Let b = 55 - j. What is the tens digit of b?
1
Let a(d) = -d**2 + 8*d + 13. Suppose c + l = 4, 3*c + 2*l - 3 - 13 = 0. Let u be a(c). Suppose -u = 4*z - 149. What is the units digit of z?
4
Let g(v) = 768*v**2 - 4*v + 2. What is the units digit of g(1)?
6
Let g = 34 - 31. Suppose -2*f = 2*m - 84, -3*m + m + 81 = g*f. What is the units digit of m?
5
Let y = 10 - 10. Let z be 1*((2 - y) + 0). What is the units digit of (12/z)/((-33)/(-44))?
8
Suppose -4*l = l, f - 5*l - 2 = 0. Suppose -6*i = -142 - f. What is the tens digit of i?
2
Suppose -198 = -5*o + 222. What is the units digit of o?
4
Suppose -8217 = -31*x + 7934. What is the hundreds digit of x?
5
Suppose -162*d = -142*d - 41020. What is the tens digit of d?
5
Let n(s) = -73*s**2 - 2*s - 1. Let m(k) = 145*k**2 + 3*k + 1. Let t(f) = -3*m(f) - 5*n(f). Let h be t(-1). What is the units digit of h/(3/(-1))*1?
3
Let h(m) = -12*m**3 + 13*m**2 + 51*m + 7. What is the thousands digit of h(-5)?
1
Let j be (0/4)/(0 - 1). Let r = 2 - j. What is the units digit of r + -2 + 1 + 5?
6
Let f(y) = -2*y - 13 - 13*y + 0*y. What is the tens digit of f(-3)?
3
Let c(o) = 14*o + 1. Let q(d) = 71*d + 4. Let z be (-3)/12 + 86/(-8). Let k(f) = z*c(f) + 2*q(f). What is the tens digit of k(-2)?
2
Suppose -k + 6 - 4 = 0. Suppose 4*s - 136 = q, -k*s = 11*q - 10*q - 68. What is the units digit of s?
4
Suppose -a + 2*k - 41 = 0, 147 = -3*a + 3*k - 5*k. Let b = a - 9. Let l = 81 + b. What is the tens digit of l?
2
Let u(r) = -2*r**2 - 38*r + 2. What is the units digit of u(-14)?
2
Suppose b = 4*b. Suppose -3*v = 2*s - b - 11, -4*v = s - 13. What is the units digit of s?
1
Suppose -3*x - 2*x + 135 = 0. Suppose -l = d - 0*l - x, -d + 33 = -5*l. What is the units digit of d?
8
Suppose 4*g = 58 + 34. Suppose 0 = -26*x + g*x + 12. What is the units digit of x?
4
Let t(w) = w + 23. Let j be t(-12). Suppose -7*y + j*y + 112 = 0. Let s = -26 - y. What is the units digit of s?
2
Let o = -4589 - -7390. What is the units digit of o?
1
Let m(d) = 43*d**2 - d. Let j be m(1). Suppose c - j = -5*u, 0 = -2*c - 2*u - 14 + 114. What is the tens digit of c?
5
Suppose 3*w + 2*v = 8426, 13*w - 12*w - v - 2802 = 0. What is the units digit of w?
6
Suppose 0 = 5*p - 12 + 2. Suppose z = 4*c, p*c = 5*z - 35 - 1. Suppose -2*m - 3*n = 18 - 58, 0 = -4*n + z. What is the units digit of m?
7
Suppose 0 = 26*l + 38*l - 314112. What is the hundreds digit of l?
9
What is the hundreds digit of (-26)/(-65) + (-2366)/(-10)?
2
Let q(l) = 18*l + 660. Let p be q(0). Let x = -410 + p. What is the hundreds digit of x?
2
Suppose 15 = -z + 23. Suppose -z*y = -5*y - 189. What is the tens digit of y?
6
Suppose -3*z + 304 - 53 = -5*u, -4*z + 2*u + 344 = 0. What is the units digit of z?
7
Suppose 71*h + 3153 = 74*h. What is the hundreds digit of h?
0
Suppose -33 - 47 = -5*n. Suppose 0 = -5*p + 4*o + n, 2 = 3*o - o. Suppose -p*a = -0*a - 32. What is the units digit of a?
8
Let n = 25 - 58. Let f be (-44)/n - (-4)/6. Suppose -f*v = -2*i + 36, -4*v = 4*i - 111 + 15. What is the tens digit of i?
2
Let w = -507 - -500. Let g(z) = -z**3 - 6*z**2 - 4*z + 4. Let f be g(-6). Let o = w + f. What is the tens digit of o?
2
Let k = -203 - -206. What is the units digit of k?
3
Let o be 91/(-5) + 1/5. Let t = -7 - o. Suppose -1 = -2*f + t. What is the units digit of f?
6
Let y(w) = -19*w**3 + 2 - 3*w**2 - 4*w - 22*w**3 + 7*w**2 + 43*w**3. What is the tens digit of y(2)?
2
Let k(s) be the second derivative of -1/20*s**5 - 6*s + 0 + 5/2*s**2 + 2/3*s**4 - s**3. What is the tens digit of k(3)?
3
Let n(a) = -a**3 - 4*a**2 - 1. Let b be n(-4). Let l(u) = -u**3 - 9*u**2 - 11*u - 13. Let s be l(-8). Let j = b + s. What is the tens digit of j?
1
Let v(g) = -g**3 + 4*g**2 - 2*g + 11. Let m be v(4). Let d(c) = 5*c**2 + 2*c - 6. What is the tens digit of d(m)?
4
Let z = 8205 - 4228. What is the units digit of z?
7
Let t(s) be the first derivative of -3*s**2/2 + 9*s - 8. Let q be t(0). Suppose -q = -4*m + 15. What is the units digit of m?
6
Let i = 6 - 9. What is the units digit of (4 - (-30)/i)*-1?
6
Suppose 2*r - 63 = 1493. What is the units digit of r?
8
Suppose 0 = -4*y, -3*y + 0*y - 124 = 4*l. Suppose -g + 5 = 21. Let v = g - l. What is the tens digit of v?
1
Let h(x) = 2*x**2 + 10*x - 9. What is the tens digit of h(14)?
2
Let g(m) = m**2 + 13*m - 9. Let h be g(-13). Let f be 0 + -1 + (-16 - h). What is the tens digit of 138/9*(-12)/f?
2
What is the units digit of 118 - (9/15 - 6/10)?
8
Suppose -3*d - 2*h + 2885 = -496, 2*d + 3*h = 2259. What is the tens digit of d?
2
Suppose -8*m - 444 = 